ors of 2384779470.
2, 3, 5, 31, 2564279
What are the prime factors of 24009626?
2, 12004813
What are the prime factors of 1673394471?
3, 7, 983771
What are the prime factors of 69000829?
69000829
List the prime factors of 413520583.
7, 67, 881707
List the prime factors of 4418364914.
2, 2209182457
List the prime factors of 5464758881.
829, 6591989
What are the prime factors of 194321830?
2, 5, 79, 245977
List the prime factors of 22748595.
3, 5, 113, 13421
List the prime factors of 253941745.
5, 19, 439, 6089
What are the prime factors of 31278177?
3, 7, 61, 2713
What are the prime factors of 297610891?
17, 2111, 8293
What are the prime factors of 472308707?
13, 19, 557, 3433
List the prime factors of 1056461825.
5, 107, 463, 853
List the prime factors of 2247933946.
2, 13267, 84719
List the prime factors of 221418193.
7331, 30203
What are the prime factors of 3929368762?
2, 11, 71, 3221
What are the prime factors of 342142092?
2, 3, 9503947
What are the prime factors of 5602521?
3, 179, 10433
List the prime factors of 192220901.
192220901
List the prime factors of 265751105.
5, 53150221
What are the prime factors of 44632917?
3, 7, 236153
What are the prime factors of 722540654?
2, 11, 241, 136277
What are the prime factors of 157431111?
3, 29, 1809553
List the prime factors of 5776360745.
5, 1155272149
List the prime factors of 688770380.
2, 5, 149, 231131
List the prime factors of 68815733.
7, 109, 90191
What are the prime factors of 46795043?
19, 89, 27673
List the prime factors of 729094599.
3, 163, 496997
List the prime factors of 66688078.
2, 101, 330139
List the prime factors of 2357701944.
2, 3, 13, 19, 397723
List the prime factors of 23946117.
3, 13, 73, 647
List the prime factors of 51567104.
2, 23, 29, 151
What are the prime factors of 45618921?
3, 643, 7883
What are the prime factors of 546569126?
2, 273284563
List the prime factors of 139528916.
2, 71, 491299
List the prime factors of 425764827.
3, 59, 801817
List the prime factors of 366071494.
2, 73, 2507339
List the prime factors of 538167338.
2, 653, 412073
What are the prime factors of 295416983?
349, 509, 1663
List the prime factors of 48316227.
3, 17, 947377
What are the prime factors of 63094304?
2, 7, 13, 47, 461
What are the prime factors of 97890861?
3, 3251, 10037
List the prime factors of 34535378.
2, 17267689
List the prime factors of 989249121.
3, 7, 113, 138959
What are the prime factors of 28616849?
28616849
List the prime factors of 6057384503.
6057384503
List the prime factors of 8124754.
2, 11, 73, 5059
List the prime factors of 2372730886.
2, 31, 38269853
List the prime factors of 145214829.
3, 139, 38693
List the prime factors of 55698816.
2, 3, 31, 4679
What are the prime factors of 115642431?
3, 31, 138163
List the prime factors of 1421943044.
2, 101, 3519661
List the prime factors of 452074357.
7, 83, 778097
What are the prime factors of 3563830?
2, 5, 19, 18757
What are the prime factors of 112161518?
2, 7, 1697, 4721
What are the prime factors of 34738471?
997, 34843
List the prime factors of 638073292.
2, 739, 215857
What are the prime factors of 8005691600?
2, 5, 20014229
List the prime factors of 1077567052.
2, 14827, 18169
What are the prime factors of 195414640?
2, 5, 2442683
List the prime factors of 52682801.
19, 1321, 2099
List the prime factors of 136148777.
2659, 51203
List the prime factors of 284460471.
3, 359, 29347
What are the prime factors of 85250772?
2, 3, 433, 1823
List the prime factors of 2913432878.
2, 109, 13364371
What are the prime factors of 1069327643?
29, 36873367
What are the prime factors of 2534546002?
2, 19, 29, 2299951
What are the prime factors of 148010364?
2, 3, 17, 241847
What are the prime factors of 1255515425?
5, 547, 91811
List the prime factors of 482599984.
2, 23, 919, 1427
List the prime factors of 38130338.
2, 19065169
List the prime factors of 423051760.
2, 5, 5288147
What are the prime factors of 45999805?
5, 137, 67153
List the prime factors of 193608.
2, 3, 2689
List the prime factors of 29752283.
11, 2704753
What are the prime factors of 534732772?
2, 7, 2917, 6547
What are the prime factors of 282729417?
3, 107, 677, 1301
List the prime factors of 24061598.
2, 11, 997, 1097
List the prime factors of 53476308.
2, 3, 495151
List the prime factors of 18324816.
2, 3, 19, 71, 283
List the prime factors of 823393844.
2, 7, 13, 17, 19009
List the prime factors of 123805426.
2, 47, 1317079
What are the prime factors of 65893942?
2, 23, 293, 4889
List the prime factors of 3039458395.
5, 23, 31, 852583
List the prime factors of 180589793.
17, 271, 39199
List the prime factors of 89677477.
263, 340979
What are the prime factors of 1797434916?
2, 3, 41, 43, 84961
List the prime factors of 6415468475.
5, 13, 53, 372451
What are the prime factors of 501052611?
3, 17, 337, 29153
What are the prime factors of 36762889?
101, 363989
What are the prime factors of 2978609308?
2, 744652327
List the prime factors of 10771307.
10771307
What are the prime factors of 19328431?
19328431
What are the prime factors of 578117669?
137, 1429, 2953
List the prime factors of 216137648.
2, 13508603
What are the prime factors of 172851405?
3, 5, 11523427
List the prime factors of 14437352.
2, 17, 83, 1279
List the prime factors of 925147850.
2, 5, 11, 29, 5273
What are the prime factors of 7329652?
2, 11, 17, 41, 239
What are the prime factors of 33232604?
2, 131, 63421
List the prime factors of 43446846.
2, 3, 7241141
List the prime factors of 114918893.
53, 467, 4643
What are the prime factors of 11382556?
2, 2845639
What are the prime factors of 7560499?
19, 397921
List the prime factors of 101262542.
2, 53, 955307
What are the prime factors of 172376596?
2, 7, 271, 22717
List the prime factors of 2004320077.
17, 117901181
What are the prime factors of 3125141609?
71, 2909, 15131
What are the prime factors of 805312857?
3, 41, 389, 16831
What are the prime factors of 1473183283?
11, 13, 53, 194377
List the prime factors of 130746833.
7, 18678119
List the prime factors of 2253197884.
2, 7, 17, 251, 18859
List the prime factors of 573455731.
573455731
List the prime factors of 111899580.
2, 3, 5, 13, 143461
List the prime factors of 780388983.
3, 11, 43, 183319
What are the prime factors of 210251301?
3, 13, 2297, 2347
List the prime factors of 1495125194.
2, 1013, 737969
List the prime factors of 670089877.
670089877
What are the prime factors of 1605658505?
5, 11, 241271
List the prime factors of 2871659999.
13, 67, 253613
List the prime factors of 1045244081.
7, 31, 409, 11777
What are the prime factors of 47052558?
2, 3, 7, 29, 79, 163
List the prime factors of 84518707.
7, 13, 19, 48883
What are the prime factors of 114483921?
3, 38161307
What are the prime factors of 7209755097?
3, 17, 4051, 34897
What are the prime factors of 124391033?
13, 881, 10861
What are the prime factors of 14514451?
7, 41, 103, 491
What are the prime factors of 2728411339?
31, 37, 2378737
List the prime factors of 17300019.
3, 11, 524243
List the prime factors of 4102125078.
2, 3, 1321, 517553
List the prime factors of 224651833.
7, 23, 41, 34033
What are the prime factors of 1998520868?
2, 239, 631, 3313
What are the prime factors of 347830517?
149, 157, 14869
List the prime factors of 2792404915.
5, 547, 1020989
List the prime factors of 2383493497.
7, 11, 31, 337, 2963
What are the prime factors of 60572618?
2, 79, 383371
List the prime factors of 487735878.
2, 3, 7, 11612759
What are the prime factors of 60980766?
2, 3, 7, 11, 19, 6947
List the prime factors of 231897723.
3, 467, 165523
List the prime factors of 924550862.
2, 109, 4241059
What are the prime factors of 357256061?
357256061
List the prime factors of 36701150.
2, 5, 41, 17903
What are the prime factors of 24794902?
2, 11, 761, 1481
List the prime factors of 49114941.
3, 53, 308899
List the prime factors of 81933294.
2, 3, 29, 470881
What are the prime factors of 3142195658?
2, 7, 32063221
What are the prime factors of 1389322446?
2, 3, 19, 3163, 3853
List the prime factors of 2258185310.
2, 5, 17, 23, 53, 641
List the prime factors of 415768812.
2, 3, 34647401
What are the prime factors of 373689947?
23, 1087, 14947
List the prime factors of 166566628.
2, 809, 51473
What are the pr